[INFO] cloning repository https://github.com/IlyaDruzhinin/copypaster
[INFO] running `Command { std: "git" "-c" "credential.helper=" "-c" "credential.helper=/workspace/cargo-home/bin/git-credential-null" "clone" "--bare" "https://github.com/IlyaDruzhinin/copypaster" "/workspace/cache/git-repos/https%3A%2F%2Fgithub.com%2FIlyaDruzhinin%2Fcopypaster", kill_on_drop: false }`
[INFO] [stderr] Cloning into bare repository '/workspace/cache/git-repos/https%3A%2F%2Fgithub.com%2FIlyaDruzhinin%2Fcopypaster'...
[INFO] running `Command { std: "git" "rev-parse" "HEAD", kill_on_drop: false }`
[INFO] [stdout] 90f82a9083f86ecc817ecbd04fd5eac71ce5b35b
[INFO] checking IlyaDruzhinin/copypaster against master#af3c6e733a40e671550e0f0f5aeecaa13772ba56 for pr-74989
[INFO] running `Command { std: "git" "clone" "/workspace/cache/git-repos/https%3A%2F%2Fgithub.com%2FIlyaDruzhinin%2Fcopypaster" "/workspace/builds/worker-5/source", kill_on_drop: false }`
[INFO] [stderr] Cloning into '/workspace/builds/worker-5/source'...
[INFO] [stderr] done.
[INFO] validating manifest of git repo https://github.com/IlyaDruzhinin/copypaster on toolchain af3c6e733a40e671550e0f0f5aeecaa13772ba56
[INFO] running `Command { std: "/workspace/cargo-home/bin/cargo" "+af3c6e733a40e671550e0f0f5aeecaa13772ba56" "read-manifest" "--manifest-path" "Cargo.toml", kill_on_drop: false }`
[INFO] started tweaking git repo https://github.com/IlyaDruzhinin/copypaster
[INFO] finished tweaking git repo https://github.com/IlyaDruzhinin/copypaster
[INFO] tweaked toml for git repo https://github.com/IlyaDruzhinin/copypaster written to /workspace/builds/worker-5/source/Cargo.toml
[INFO] crate git repo https://github.com/IlyaDruzhinin/copypaster already has a lockfile, it will not be regenerated
[INFO] running `Command { std: "/workspace/cargo-home/bin/cargo" "+af3c6e733a40e671550e0f0f5aeecaa13772ba56" "fetch" "--locked" "--manifest-path" "Cargo.toml", kill_on_drop: false }`
[INFO] [stderr]     Blocking waiting for file lock on package cache
[INFO] [stderr]     Blocking waiting for file lock on package cache
[INFO] running `Command { std: "docker" "create" "-v" "/var/lib/crater-agent-workspace/builds/worker-5/target:/opt/rustwide/target:rw,Z" "-v" "/var/lib/crater-agent-workspace/builds/worker-5/source:/opt/rustwide/workdir:ro,Z" "-v" "/var/lib/crater-agent-workspace/cargo-home:/opt/rustwide/cargo-home:ro,Z" "-v" "/var/lib/crater-agent-workspace/rustup-home:/opt/rustwide/rustup-home:ro,Z" "-e" "SOURCE_DIR=/opt/rustwide/workdir" "-e" "CARGO_TARGET_DIR=/opt/rustwide/target" "-e" "CARGO_HOME=/opt/rustwide/cargo-home" "-e" "RUSTUP_HOME=/opt/rustwide/rustup-home" "-w" "/opt/rustwide/workdir" "-m" "1610612736" "--user" "0:0" "--network" "none" "rustops/crates-build-env@sha256:d92eaeed33fa75130ca1ee6c8a01d1ffb62bac859dfdfb3450e3e5d1c0146529" "/opt/rustwide/cargo-home/bin/cargo" "+af3c6e733a40e671550e0f0f5aeecaa13772ba56" "metadata" "--no-deps" "--format-version=1", kill_on_drop: false }`
[INFO] [stdout] c0b382f137f17fcffeef12c0a138739b31ec3fde322c698d4225631215a60bd9
[INFO] [stderr] WARNING: Your kernel does not support swap limit capabilities or the cgroup is not mounted. Memory limited without swap.
[INFO] running `Command { std: "docker" "start" "-a" "c0b382f137f17fcffeef12c0a138739b31ec3fde322c698d4225631215a60bd9", kill_on_drop: false }`
[INFO] running `Command { std: "docker" "inspect" "c0b382f137f17fcffeef12c0a138739b31ec3fde322c698d4225631215a60bd9", kill_on_drop: false }`
[INFO] running `Command { std: "docker" "rm" "-f" "c0b382f137f17fcffeef12c0a138739b31ec3fde322c698d4225631215a60bd9", kill_on_drop: false }`
[INFO] [stdout] c0b382f137f17fcffeef12c0a138739b31ec3fde322c698d4225631215a60bd9
[INFO] running `Command { std: "docker" "create" "-v" "/var/lib/crater-agent-workspace/builds/worker-5/target:/opt/rustwide/target:rw,Z" "-v" "/var/lib/crater-agent-workspace/builds/worker-5/source:/opt/rustwide/workdir:ro,Z" "-v" "/var/lib/crater-agent-workspace/cargo-home:/opt/rustwide/cargo-home:ro,Z" "-v" "/var/lib/crater-agent-workspace/rustup-home:/opt/rustwide/rustup-home:ro,Z" "-e" "SOURCE_DIR=/opt/rustwide/workdir" "-e" "CARGO_TARGET_DIR=/opt/rustwide/target" "-e" "CARGO_INCREMENTAL=0" "-e" "RUST_BACKTRACE=full" "-e" "RUSTFLAGS=--cap-lints=forbid" "-e" "CARGO_HOME=/opt/rustwide/cargo-home" "-e" "RUSTUP_HOME=/opt/rustwide/rustup-home" "-w" "/opt/rustwide/workdir" "-m" "1610612736" "--user" "0:0" "--network" "none" "rustops/crates-build-env@sha256:d92eaeed33fa75130ca1ee6c8a01d1ffb62bac859dfdfb3450e3e5d1c0146529" "/opt/rustwide/cargo-home/bin/cargo" "+af3c6e733a40e671550e0f0f5aeecaa13772ba56" "check" "--frozen" "--all" "--all-targets" "--message-format=json", kill_on_drop: false }`
[INFO] [stdout] 721ca57294e56d471547dc7e7e68c67b5f0ae62903a2bec8032b24d9c6b6d2e4
[INFO] [stderr] WARNING: Your kernel does not support swap limit capabilities or the cgroup is not mounted. Memory limited without swap.
[INFO] running `Command { std: "docker" "start" "-a" "721ca57294e56d471547dc7e7e68c67b5f0ae62903a2bec8032b24d9c6b6d2e4", kill_on_drop: false }`
[INFO] [stderr]     Checking libc v0.2.32
[INFO] [stderr]    Compiling pkg-config v0.3.9
[INFO] [stderr]     Checking log v0.3.8
[INFO] [stderr]    Compiling winapi-build v0.1.1
[INFO] [stderr]     Checking bitflags v0.9.1
[INFO] [stderr]    Compiling unicode-xid v0.0.4
[INFO] [stderr]     Checking num-traits v0.1.40
[INFO] [stderr]     Checking byteorder v1.1.0
[INFO] [stderr]    Compiling quote v0.3.15
[INFO] [stderr]     Checking piston-float v0.3.0
[INFO] [stderr]     Checking futures v0.1.16
[INFO] [stderr]     Checking winapi v0.2.8
[INFO] [stderr]     Checking lazy_static v0.2.9
[INFO] [stderr]    Compiling cc v1.0.0
[INFO] [stderr]     Checking slab v0.3.0
[INFO] [stderr]    Compiling version_check v0.1.3
[INFO] [stderr]     Checking serde v1.0.15
[INFO] [stderr]     Checking matches v0.1.6
[INFO] [stderr]     Checking lazycell v0.5.1
[INFO] [stderr]     Checking percent-encoding v1.0.0
[INFO] [stderr]     Checking odds v0.2.25
[INFO] [stderr]     Checking unicode-normalization v0.1.5
[INFO] [stderr]     Checking scoped-tls v0.1.0
[INFO] [stderr]     Checking slab v0.4.0
[INFO] [stderr]    Compiling openssl v0.9.19
[INFO] [stderr]     Checking shader_version v0.3.0
[INFO] [stderr]     Checking byteorder v0.4.2
[INFO] [stderr]     Checking fixedbitset v0.1.8
[INFO] [stderr]     Checking httparse v1.2.3
[INFO] [stderr]     Checking foreign-types v0.2.0
[INFO] [stderr]    Compiling cairo-rs v0.2.0
[INFO] [stderr]     Checking smallvec v0.2.1
[INFO] [stderr]     Checking linked-hash-map v0.5.0
[INFO] [stderr]     Checking take v0.1.0
[INFO] [stderr]     Checking read_color v0.1.0
[INFO] [stderr]     Checking lru_time_cache v0.7.0
[INFO] [stderr]     Checking interpolation v0.1.0
[INFO] [stderr]     Checking c_vec v1.2.1
[INFO] [stderr]     Checking piston-texture v0.6.0
[INFO] [stderr]     Checking fnv v1.0.5
[INFO] [stderr]     Checking modifier v0.1.0
[INFO] [stderr]     Checking bittorrent v0.2.0
[INFO] [stderr]     Checking fs_extra v1.0.0
[INFO] [stderr]     Checking tokio v0.0.0
[INFO] [stderr]     Checking conduit-mime-types v0.7.3
[INFO] [stderr]     Checking unsafe-any v0.4.2
[INFO] [stderr]    Compiling synom v0.11.3
[INFO] [stderr]     Checking colored v1.5.3
[INFO] [stderr]     Checking piston-viewport v0.3.0
[INFO] [stderr]     Checking vecmath v0.3.1
[INFO] [stderr]     Checking unicode-bidi v0.3.4
[INFO] [stderr]     Checking mime v0.2.6
[INFO] [stderr]    Compiling kernel32-sys v0.2.2
[INFO] [stderr]    Compiling user32-sys v0.2.0
[INFO] [stderr]     Checking error v0.1.9
[INFO] [stderr]     Checking base64 v0.6.0
[INFO] [stderr]     Checking stb_truetype v0.2.1
[INFO] [stderr]     Checking num-integer v0.1.35
[INFO] [stderr]     Checking num-complex v0.1.40
[INFO] [stderr]     Checking petgraph v0.4.9
[INFO] [stderr]     Checking nodrop v0.1.9
[INFO] [stderr]     Checking rand v0.3.17
[INFO] [stderr]     Checking iovec v0.1.1
[INFO] [stderr]     Checking time v0.1.38
[INFO] [stderr]     Checking memchr v0.1.11
[INFO] [stderr]     Checking net2 v0.2.31
[INFO] [stderr]     Checking num_cpus v1.7.0
[INFO] [stderr]    Compiling unicase v1.4.2
[INFO] [stderr]    Compiling unicase v2.0.0
[INFO] [stderr]     Checking accumulator v0.6.0
[INFO] [stderr]     Checking typemap v0.3.3
[INFO] [stderr]    Compiling glib-sys v0.4.0
[INFO] [stderr]    Compiling gobject-sys v0.4.0
[INFO] [stderr]    Compiling cairo-sys-rs v0.4.0
[INFO] [stderr]    Compiling syn v0.11.11
[INFO] [stderr]     Checking num-iter v0.1.34
[INFO] [stderr]     Checking arrayvec v0.4.2
[INFO] [stderr]     Checking bytes v0.4.5
[INFO] [stderr]     Checking aho-corasick v0.5.3
[INFO] [stderr]     Checking piston2d-graphics v0.23.0
[INFO] [stderr]     Checking idna v0.1.4
[INFO] [stderr]     Checking plugin v0.2.6
[INFO] [stderr]     Checking mio v0.6.10
[INFO] [stderr]     Checking rusttype v0.2.3
[INFO] [stderr]     Checking thread-id v2.0.0
[INFO] [stderr]     Checking tokio-service v0.1.0
[INFO] [stderr]     Checking relay v0.1.0
[INFO] [stderr]     Checking futures-cpupool v0.1.6
[INFO] [stderr]     Checking thread_local v0.2.7
[INFO] [stderr]     Checking num-bigint v0.1.40
[INFO] [stderr]     Checking dht v0.0.6
[INFO] [stderr]     Checking tokio-io v0.1.3
[INFO] [stderr]     Checking regex v0.1.80
[INFO] [stderr]    Compiling openssl-sys v0.9.19
[INFO] [stderr]     Checking daggy v0.5.0
[INFO] [stderr]     Checking mime v0.3.4
[INFO] [stderr]     Checking tokio-core v0.1.10
[INFO] [stdout] error[E0311]: the parameter type `K` may not live long enough
[INFO] [stdout]   --> /opt/rustwide/cargo-home/registry/src/github.com-1ecc6299db9ec823/rusttype-0.2.3/src/support/bst/map.rs:81:19
[INFO] [stdout]    |
[INFO] [stdout] 81 |             match node.force() {
[INFO] [stdout]    |                   ^^^^
[INFO] [stdout]    |
[INFO] [stdout] note: the parameter type `K` must be valid for the anonymous lifetime #1 defined on the function body at 77:9...
[INFO] [stdout]   --> /opt/rustwide/cargo-home/registry/src/github.com-1ecc6299db9ec823/rusttype-0.2.3/src/support/bst/map.rs:77:9
[INFO] [stdout]    |
[INFO] [stdout] 77 | /         fn clone_subtree<K: Clone, V: Clone>(
[INFO] [stdout] 78 | |                 node: node::NodeRef<marker::Immut, K, V, marker::LeafOrInternal>)
[INFO] [stdout] 79 | |                 -> BTreeMap<K, V> {
[INFO] [stdout]    | |_________________________________^
[INFO] [stdout] 
[INFO] [stdout] 
[INFO] [stdout] error[E0311]: the parameter type `V` may not live long enough
[INFO] [stdout]   --> /opt/rustwide/cargo-home/registry/src/github.com-1ecc6299db9ec823/rusttype-0.2.3/src/support/bst/map.rs:81:19
[INFO] [stdout]    |
[INFO] [stdout] 81 |             match node.force() {
[INFO] [stdout]    |                   ^^^^
[INFO] [stdout]    |
[INFO] [stdout] note: the parameter type `V` must be valid for the anonymous lifetime #1 defined on the function body at 77:9...
[INFO] [stdout]   --> /opt/rustwide/cargo-home/registry/src/github.com-1ecc6299db9ec823/rusttype-0.2.3/src/support/bst/map.rs:77:9
[INFO] [stdout]    |
[INFO] [stdout] 77 | /         fn clone_subtree<K: Clone, V: Clone>(
[INFO] [stdout] 78 | |                 node: node::NodeRef<marker::Immut, K, V, marker::LeafOrInternal>)
[INFO] [stdout] 79 | |                 -> BTreeMap<K, V> {
[INFO] [stdout]    | |_________________________________^
[INFO] [stdout] 
[INFO] [stdout] 
[INFO] [stderr]     Checking url v1.5.1
[INFO] [stdout] error: aborting due to 2 previous errors
[INFO] [stdout] 
[INFO] [stdout] 
[INFO] [stderr] error: could not compile `rusttype`.
[INFO] [stderr] 
[INFO] [stderr] To learn more, run the command again with --verbose.
[INFO] [stderr] warning: build failed, waiting for other jobs to finish...
[INFO] [stdout] error[E0713]: borrow may still be in use when destructor runs
[INFO] [stdout]    --> /opt/rustwide/cargo-home/registry/src/github.com-1ecc6299db9ec823/url-1.5.1/src/form_urlencoded.rs:251:40
[INFO] [stdout]     |
[INFO] [stdout] 249 | impl<'a> Target for ::UrlQuery<'a> {
[INFO] [stdout]     |      -- lifetime `'a` defined here
[INFO] [stdout] 250 |     fn as_mut_string(&mut self) -> &mut String { &mut self.url.serialization }
[INFO] [stdout] 251 |     fn finish(self) -> &'a mut ::Url { self.url }
[INFO] [stdout]     |                                        ^^^^^^^^ - here, drop of `self` needs exclusive access to `*self.url`, because the type `UrlQuery<'_>` implements the `Drop` trait
[INFO] [stdout]     |                                        |
[INFO] [stdout]     |                                        returning this value requires that `*self.url` is borrowed for `'a`
[INFO] [stdout] 
[INFO] [stdout] 
[INFO] [stdout] error: aborting due to previous error
[INFO] [stdout] 
[INFO] [stdout] 
[INFO] [stdout] For more information about this error, try `rustc --explain E0713`.
[INFO] [stdout] 
[INFO] [stderr] error: build failed
[INFO] running `Command { std: "docker" "inspect" "721ca57294e56d471547dc7e7e68c67b5f0ae62903a2bec8032b24d9c6b6d2e4", kill_on_drop: false }`
[INFO] running `Command { std: "docker" "rm" "-f" "721ca57294e56d471547dc7e7e68c67b5f0ae62903a2bec8032b24d9c6b6d2e4", kill_on_drop: false }`
[INFO] [stdout] 721ca57294e56d471547dc7e7e68c67b5f0ae62903a2bec8032b24d9c6b6d2e4
